{"id":271,"date":"2018-05-27T03:36:58","date_gmt":"2018-05-27T03:36:58","guid":{"rendered":"http:\/\/girardiadv.com.br\/inicio\/?page_id=271"},"modified":"2018-05-27T03:36:58","modified_gmt":"2018-05-27T03:36:58","slug":"acompanhe-seu-processo","status":"publish","type":"page","link":"https:\/\/girardiadv.com.br\/inicio\/acompanhe-seu-processo\/","title":{"rendered":"Acompanhe seu Processo"},"content":{"rendered":"<p><script type=\"text\/javascript\">\nfunction ValidaDados(){\nif (document.frEntrar.txtUsuario.value == \"\")\n{\nalert(\"O campo usu\u00e1rio \u00e9 obrigat\u00f3rio\");\nreturn false;\n}\nif (document.frEntrar.txtSenha.value == \"\")\n{\nalert(\"O campo senha \u00e9 obrigat\u00f3rio\");\nreturn false;\n}\nreturn true;\n}\n<\/script><\/p>\n<form id=\"frEntrar\" name=\"frEntrar\" action=\"http:\/\/integra.adv.br\/integra4\/include\/logarSistema.asp?login=integra\" target=\"_blank\" method=\"post\" onsubmit=\"return ValidaDados()\">\n<table>\n<tr>\n<td colspan=\"2\" align=\"center\">\n      <b>Controle de Processos<\/b>\n    <\/td>\n<\/tr>\n<tr>\n<td>Usu\u00e1rio:<\/td>\n<td>\n      <input id=\"campo_usuario_caixa_integra\" name=\"txtUsuario\" type=\"text\" \/>\n    <\/td>\n<\/tr>\n<tr>\n<td>Senha:<\/td>\n<td>\n       <input type=\"password\" id=\"campo_senha_caixa_integra\" name=\"txtSenha\" \/>\n     <\/td>\n<\/tr>\n<tr>\n<td colspan=\"2\" align=\"right\">\n        <input type=\"submit\" value=\"Entrar\"\/>\n      <\/td>\n<\/tr>\n<\/table>\n<\/form>\n","protected":false},"excerpt":{"rendered":"<p>Controle de Processos Usu\u00e1rio: Senha:<\/p>\n","protected":false},"author":1,"featured_media":0,"parent":0,"menu_order":0,"comment_status":"closed","ping_status":"closed","template":"","meta":{"jetpack_post_was_ever_published":false,"footnotes":""},"jetpack_sharing_enabled":true,"jetpack_shortlink":"https:\/\/wp.me\/PaSEzW-4n","jetpack_likes_enabled":true,"_links":{"self":[{"href":"https:\/\/girardiadv.com.br\/inicio\/wp-json\/wp\/v2\/pages\/271"}],"collection":[{"href":"https:\/\/girardiadv.com.br\/inicio\/wp-json\/wp\/v2\/pages"}],"about":[{"href":"https:\/\/girardiadv.com.br\/inicio\/wp-json\/wp\/v2\/types\/page"}],"author":[{"embeddable":true,"href":"https:\/\/girardiadv.com.br\/inicio\/wp-json\/wp\/v2\/users\/1"}],"replies":[{"embeddable":true,"href":"https:\/\/girardiadv.com.br\/inicio\/wp-json\/wp\/v2\/comments?post=271"}],"version-history":[{"count":2,"href":"https:\/\/girardiadv.com.br\/inicio\/wp-json\/wp\/v2\/pages\/271\/revisions"}],"predecessor-version":[{"id":273,"href":"https:\/\/girardiadv.com.br\/inicio\/wp-json\/wp\/v2\/pages\/271\/revisions\/273"}],"wp:attachment":[{"href":"https:\/\/girardiadv.com.br\/inicio\/wp-json\/wp\/v2\/media?parent=271"}],"curies":[{"name":"wp","href":"https:\/\/api.w.org\/{rel}","templated":true}]}}